{"id":8,"date":"2019-05-20T14:42:29","date_gmt":"2019-05-20T14:42:29","guid":{"rendered":"http:\/\/capturasrapidas.com\/?page_id=8"},"modified":"2024-01-17T12:07:53","modified_gmt":"2024-01-17T18:07:53","slug":"inicio","status":"publish","type":"page","link":"https:\/\/capturasrapidas.com\/","title":{"rendered":"Bienvenidos"},"content":{"rendered":"<p><span style=\"font-weight: 400;\">BIENVENIDO<\/span><span style=\"font-weight: 400;\"> a <\/span><span style=\"font-weight: 400;\"><strong>CAPTURAS y Transcripciones R\u00c1PIDAS DE M\u00c9XICO<\/strong>.<\/span><\/p>\n<p><span style=\"font-weight: 400;\">En donde le ofrecemos a usted resolver diversas necesidades como lo es pasar todo tipo de documentos o audios a <strong>texto capturado<\/strong> en computadora.<\/span><\/p>\n<p><span style=\"font-weight: 400;\">Por ejemplo, escritos hechos a mano, recetas, grabaciones de audio, transcribir lo que se dice en un video, captura de notas o recibos, borradores de tesis y le ofrecemos tambi\u00e9n nuestro servicio exclusivo de <strong>captura de DICTADO a distancia en tiempo real sin salir de su casa u oficina<\/strong>. No necesita escribir nada, s\u00f3lo d\u00edctenoslo y lo capturaremos mientras usted habla.&nbsp;<\/span><\/p>\n<p><span style=\"font-weight: 400;\"><strong>No importa en qu\u00e9 ciudad o pa\u00eds se encuentre.<\/strong> Usted puede enviarnos por correo electr\u00f3nico sus documentos escaneados o el archivo de audio o la liga al video que desea transcribir y reciba su texto ya capturado en archivo digital de Word, v\u00eda correo electr\u00f3nico.<\/span><\/p>\n<p><span style=\"font-weight: 400;\">Si usted no cuenta con Escaner, tambi\u00e9n recibimos sus originales de trabajos en persona dentro de la Ciudad de M\u00e9xico y tambi\u00e9n en la ciudad de Guadalajara.<\/span><\/p>\n<p><span style=\"font-weight: 400;\">Atendemos <strong>trabajos urgentes<\/strong>, fines de semana o d\u00edas festivos o que deban realizarse de madrugada (mientras usted duerme, nosotros transcribimos sus textos).<\/span><\/p>\n<p><span style=\"font-weight: 400;\">Servicio, cotizaci\u00f3n y entrega muy r\u00e1pida.&nbsp;<\/span><\/p>\n\n\n<h2 class=\"wp-block-heading\">Otros Servicios:<\/h2>\n\n\n\n<p><strong>Capturas  y transcripciones R\u00e1pidas de M\u00e9xico ofrece los servicios de:<\/strong><\/p>\n\n\n\n<ul class=\"wp-block-list\"><li>Captura de textos r\u00e1pidas a costos accesibles.<\/li><li>Edici\u00f3n de Libros, Revistas y Publicaciones peri\u00f3dicas impresas y WEB.<\/li><li>Asesor\u00eda para la creaci\u00f3n y producci\u00f3n de productos editoriales.<\/li><li>Asesor\u00eda para la producci\u00f3n de Tesis y Tesinas de grado universitarias.<\/li><li>Capacitaci\u00f3n y actualizaci\u00f3n para entender y producir en el mundo editorial Web.<\/li><\/ul>\n\n\n\n<p>No dude en consultarnos para saber si podemos apoyarlo a resolver sus  necesidades. Alg\u00fan d\u00eda, como usted, tuvimos la necesidad de orientaci\u00f3n  pero no exist\u00eda un servicio personal y profesional como el que ahora  nosotros le ofrecemos en <strong>Capturas  y transcripciones R\u00e1pidas de M\u00e9xico.<\/strong>&nbsp;<\/p>\n\n\n\n<p>Ll\u00e1menos por tel\u00e9fono o escribanos por correo electr\u00f3nico o Whats App a los siguientes datos:<\/p>\n\n\n\n<p><strong>Capturas  y transcripciones r\u00e1pidas de M\u00e9xico:<\/strong><\/p>\n\n\n\n<p>Tel\u00e9fono: <strong><strong>33 17 18 73 71<\/strong><\/strong><br>(Clave Internacional: 52)<\/p>\n\n\n\n<p>Correo electr\u00f3nico: <strong>capturasrapidas@gmail.com<\/strong><\/p>\n\n\n\n<p>Ubicaci\u00f3n: Jalisco, M\u00e9xico.<\/p>\n\n\n\n<span class='visitors'>16,534<\/span>\n\n\n\n<figure class=\"wp-block-table\"><table><tbody><tr><td><span class='page-views'>21,052<\/span><\/td><\/tr><\/tbody><\/table><\/figure>\n\n\n\n<h3 class=\"wp-block-heading\"><\/h3>\n\n\n\n<p><\/p>\n","protected":false},"excerpt":{"rendered":"<p>BIENVENIDO a CAPTURAS y Transcripciones R\u00c1PIDAS DE M\u00c9XICO. En donde le ofrecemos a usted resolver diversas necesidades como lo es pasar todo tipo de documentos o audios a texto capturado en computadora. Por ejemplo, escritos hechos a mano, recetas, grabaciones de audio, transcribir lo que se dice en un video, captura de notas o recibos, &hellip; <\/p>\n<p class=\"link-more\"><a href=\"https:\/\/capturasrapidas.com\/\" class=\"more-link\">Continuar leyendo<span class=\"screen-reader-text\"> &#8220;Bienvenidos&#8221;<\/span><\/a><\/p>\n","protected":false},"author":1,"featured_media":0,"parent":0,"menu_order":0,"comment_status":"closed","ping_status":"closed","template":"","meta":{"footnotes":""},"class_list":["post-8","page","type-page","status-publish","hentry"],"_links":{"self":[{"href":"https:\/\/capturasrapidas.com\/index.php\/wp-json\/wp\/v2\/pages\/8","targetHints":{"allow":["GET"]}}],"collection":[{"href":"https:\/\/capturasrapidas.com\/index.php\/wp-json\/wp\/v2\/pages"}],"about":[{"href":"https:\/\/capturasrapidas.com\/index.php\/wp-json\/wp\/v2\/types\/page"}],"author":[{"embeddable":true,"href":"https:\/\/capturasrapidas.com\/index.php\/wp-json\/wp\/v2\/users\/1"}],"replies":[{"embeddable":true,"href":"https:\/\/capturasrapidas.com\/index.php\/wp-json\/wp\/v2\/comments?post=8"}],"version-history":[{"count":15,"href":"https:\/\/capturasrapidas.com\/index.php\/wp-json\/wp\/v2\/pages\/8\/revisions"}],"predecessor-version":[{"id":178,"href":"https:\/\/capturasrapidas.com\/index.php\/wp-json\/wp\/v2\/pages\/8\/revisions\/178"}],"wp:attachment":[{"href":"https:\/\/capturasrapidas.com\/index.php\/wp-json\/wp\/v2\/media?parent=8"}],"curies":[{"name":"wp","href":"https:\/\/api.w.org\/{rel}","templated":true}]}}